- 1. Give w(m).
-1
Suppose -2*q - 3*z = 2, 0 = 2*q - z - 1 - 5. Let t(g) = 1 + 2*g**q - g**2 + g + 3. Calculate t(-3).
10
Let w = 13 - 18. Let m(t) be the second derivative of -t**2 + 1/20*t**5 + 5/6*t**3 + 7*t + 0 + 1/2*t**4. Give m(w).
-2
Let j(a) = 11*a**2 + 1. Let c be j(2). Let l be (-54)/c*(-10)/(-3). Let p be (-3 + -1)*l/8. Let w(b) = b**3 - b**2 + 1. What is w(p)?
5
Let c(k) be the second derivative of -k**6/720 + k**5/40 - k**4/12 - k. Let x(y) be the third derivative of c(y). Let p be (-1)/3*(-264)/(154/(-7)). Give x(p).
7
Let t(q) = -3*q + 3. Let r(v) = -17*v + 12. Let i(x) = 2*r(x) - 10*t(x). Determine i(-11).
38
Let v(a) = 2*a**3 - 153*a + 154*a - 1 - 5*a**3. Let l be v(1). Let q(w) = w**3 + 4*w**2 + 2*w. Give q(l).
3
Let r(u) = -6*u - 2*u**2 + u**2 - 1 + 5*u. Let i be (-1 - 2)/((-3)/2). Calculate r(i).
-7
Let i(g) = -16*g**2 - 37*g - 1. Let v(x) = -3*x**2 - 7*x. Let q(z) = -2*i(z) + 11*v(z). Calculate q(1).
-2
Let u = -57 - -97. Suppose -5*y = f + f - u, y + 4*f = 26. Let r(i) = 4 + 1 - y + 0 + i. Calculate r(3).
2
Let s(l) = -13*l**2 + 6*l + 11. Let x(z) = -z**2 + z. Let i(r) = -12*r**2 + 9*r + 5. Let d(t) = i(t) - 6*x(t). Let p(u) = -9*d(u) + 4*s(u). What is p(3)?
8
Let l(k) be the first derivative of -k**4/4 - 5*k**3/3 + 3*k**2/2 - 3*k + 108. What is l(-6)?
15
Let p(n) = n - 13. Let o(x) = 11*x - 508. Let u be o(46). Give p(u).
-15
Let q(b) = -b**2 + 5*b + 8. Let p be q(7). Let g = p - -6. Suppose -5*v - 25 = g, -2 = 3*k - 2*v + 3*v. Let s(d) = 4*d**2 - 2*d + 1. What is s(k)?
3
Let q(v) = -4*v**2 + 5*v - 5. Suppose -a + 5*m + 23 = 0, 4*m - m + 12 = 0. Determine q(a).
-26
Suppose 0 = 2*k + 4*j + 1 + 19, 20 = -3*k - 4*j. Suppose k = -12*d + 4*d - 80. Let s(g) = -g - 7. What is s(d)?
3
Let k(d) be the first derivative of d**2 + 18*d - 480. Calculate k(-11).
-4
Let v(t) be the third derivative of 13/60*t**5 + 0*t + 11*t**2 + 0 + 0*t**3 + 0*t**4. Calculate v(-1).
13
Let s(t) be the first derivative of -3*t**2/2 - 2*t + 267. Determine s(-5).
13
Let t(w) = -15073*w**2 - 4*w - 2*w + 15074*w**2. Let v be 1/(-5) + 155/25. Calculate t(v).
0
Let u(p) = 4*p**2 - 6*p - 2. Let s(y) = 5*y**2 - 7*y - 2. Suppose 4*i = -2*c - 18, 3*i - 2*c + 10 = -7. Let t(x) = i*s(x) + 6*u(x). What is t(0)?
-2
Let q(o) = o**3 - 8*o**2 - o + 3. Let b be (-9 + 7)/(-1 + 3). Let j be b/((5/(-10))/(4 - 0)). What is q(j)?
-5
Let s(g) = -g**3 + 5*g**2 - g - 8. Suppose i - 4*h - 12 = 0, -2*i = -h - 7 - 3. What is s(i)?
4
Suppose 0 = -o - 4*o + 10. Let t(v) = 416*v**3 + 0*v**2 - 1 - 428*v**3 + o*v + 0*v**2. Let a = 3 - 2. Calculate t(a).
-11
Let x(m) = m**2 + 4*m - 3. Let o = 581 - 590. Calculate x(o).
42
Let y(q) = -q**3 + 4*q**2 + 5*q**3 + 2 + 4*q - q**3. Let a(i) = -5*i - 17. Suppose 37*t - 3 = 38*t. Let r be a(t). What is y(r)?
-14
Suppose 93 = 43*p - 79. Let n(l) be the second derivative of 2/3*l**3 + 1/12*l**p + 0 + 3*l**2 + 9*l. Give n(-4).
6
Suppose -10*z = -6*z. Let g(w) = w + 4*w + 1 - 3*w - w**2 + z*w. Calculate g(-1).
-2
Let g(r) = r**3 - 2*r**2 - r - 1. Let m(q) = -8*q**2 - 7*q - 14. Let b(j) = -g(j) - m(j). Give b(11).
-18
Let w(g) = -g**3 + 7*g**2 - 7*g - 4. Let l(s) = s - s + 8*s**2 - s**2 - 4 - s**3 - 6*s. Let t(o) = -7*l(o) + 6*w(o). Determine t(7).
4
Let w(v) = 2*v**3 - v. Let u(o) = o. Let q(k) = -6*u(k) - 6*w(k). Let l(g) = g**2 - 7*g - 9. Let t be l(8). Give q(t).
12
Let u(r) = 34*r + 93. Let y be u(-3). Let h(g) = -g**3 - 10*g**2 - 5*g - 3. Give h(y).
-39
Let r = -1471 + 1465. Let u(n) = -6*n - 33. Calculate u(r).
3
Let i(c) = 51 - c - 3*c - c**2 - 2*c**3 + 60 - 114. Give i(-2).
17
Let n = 12 - 10. Let s(g) = 4*g + 2*g**2 - 4*g**2 - n + 3*g**2. Let f(h) = -h**3 + 8*h**2 - h + 4. Let j be f(8). What is s(j)?
-2
Let w(o) = -331*o - 339*o - 5 + 671*o. Determine w(5).
0
Suppose -4*b + 30 = -54. Let i(g) = -b - 32 - g + 61. What is i(6)?
2
Let r(y) = 5*y + 47*y**2 - y**3 + 5*y**3 - 19*y**2 - 3*y**3 - 6 - 21*y**2. Give r(-6).
0
Let h(t) = 5*t - 1. Let b be (-1 - -2)/(4/8). Suppose -2 = -4*g + b. Let m be 3 + 3 + -8 + g. Calculate h(m).
-6
Let l(g) be the third derivative of -1/24*g**4 + 1/6*g**3 + 0 + 0*g - 9*g**2. Give l(-1).
2
Let a(w) = w**3 - 6*w**2 + 3*w - 12. Suppose 0 = 3*u - 5*y - 23, u + 3*u - 2*y = 26. Determine a(u).
6
Let h(b) = 3*b**3 - 3*b**2 - b - 1. Let d(j) = j**3 - 2*j**2 - j - 1. Let g(t) = 7*d(t) - 3*h(t). What is g(-3)?
17
Let j be -4 - -1 - (-1 - 2). Suppose 0 = 3*a + 5*z - 4, 3*z + j*z = 3*a + 12. Let s(w) = -w. What is s(a)?
2
Let h(l) = -l + 5. Let c(j) = -j**3 + 12*j**2 + j - 2. Let a be c(12). Let v = 13 - a. Determine h(v).
2
Let f(w) = 8*w - 1. Let a(t) = 2 + 0 + t**2 - 2*t**2 - 4*t. Let g be a(-4). Calculate f(g).
15
Let c be -8 + -24*(3 + -4). Let x(h) = -h**2 + 15*h + 13. Give x(c).
-3
Let v(o) = 3*o**3 + o**2 + 1. Let b be v(1). Let h(n) = -4*n - 3. Let w be h(-1). Let s(u) = w + 4*u + 3*u - 6*u. What is s(b)?
6
Let q(l) = -3*l. Let v(p) = -3*p. Let x(a) = 9*q(a) - 6*v(a). Let n = -1557 - -1556. Determine x(n).
9
Let z(q) be the third derivative of 0 + 4/3*q**3 - 1/24*q**4 - 10*q**2 + 0*q. Determine z(-6).
14
Suppose -2*d - 4*a + 108 = 0, 4*d = a + 264 - 21. Let t be (20/d + 2/12)*-4. Let h(b) = -4*b**2 - b - 1. Determine h(t).
-15
Let j(d) = 13*d + 23. Let b = -1697 + 1695. Give j(b).
-3
Suppose 5*d = -3*z + 19, -d + 3*z + 0*z = 7. Let n(b) = -2*b**2 + 3*b**2 + b + 2 - d*b**2. Give n(-2).
-4
Let a(r) = r**3 - 8*r**2 - r + 4. Let m(p) = -3*p - 2. Let h be m(3). Let y(t) = -t**2 - 12*t - 13. Let l be y(h). Let b be 51/6 - l/(-4). What is a(b)?
-4
Let o(g) be the third derivative of g**5/20 + g**3/6 + 65*g**2. Give o(1).
4
Suppose 0 = 2*r - 4*n, -5*r + 0*n + 12 = 2*n. Let c(f) = f**2 + f + 1. What is c(r)?
7
Let i(m) = 6*m - m**3 + 2*m**3 - 9 + 2*m**2 - 8*m**2 + 13. Determine i(5).
9
Let m = -65 + 77. Let a(o) be the second derivative of -o**5/20 + o**4 + o**3/6 - 11*o**2/2 + 58*o. What is a(m)?
1
Let j(b) = b**2 - 11*b + 7. Let y be j(10). Let c(u) be the first derivative of u**4/4 + u**3 - 2*u + 3. Determine c(y).
-2
Let v(c) = -3*c - 17. Let t(h) = -2. Let z(l) = 18*t(l) - 2*v(l). Calculate z(2).
10
Let w(p) = p**2 - 8*p - 2. Let x = 156 + -153. Let g(k) = -4*k + 3 - 1 - k**2 + 13*k. Let r(a) = x*w(a) + 2*g(a). Give r(5).
-7
Let l(v) = v**3 - 8*v**2 + 3*v - 18. Suppose 3*f + 37 - 10 = 3*t, -t - 2*f = -6. Give l(t).
6
Let v(y) be the third derivative of -y**6/120 + y**5/15 - y**4/24 - y**3/6 + 4*y**2. Let z = 12 - 7. Suppose z*n = n + 16. Give v(n).
-5
Let u(x) be the third derivative of -x**7/630 + x**6/720 + x**5/120 + 7*x**4/8 - 7*x**2. Let b(q) be the second derivative of u(q). Determine b(2).
-13
Let t(o) = -14*o**2 + 1. Let b = 1038 - 1039. Determine t(b).
-13
Let w(a) = a - 5. Let m be w(5). Let q = -209 + 324. Let x(y) = 3*y - 124 - 2*y - 2*y + q. Determine x(m).
-9
Let g(u) = -u**2 + 5*u - 7. Suppose 5*y - 7*y - 324 = 0. Let d = 168 + y. Calculate g(d).
-13
Let l be 8 - (-4 + 2 + 3). Let n(y) = -3*y - 11. Let k(p) = p + 6. Let i be 8/14 + (-315)/(-49). Let c(d) = i*k(d) + 3*n(d). Calculate c(l).
-5
Let v(n) = -n**3 + 7*n**2 - 3*n - 5. Let g be 148/20 + 3/5. Suppose 0 = 3*b - 10 - g. What is v(b)?
13
Let q = 2 - 7. Let o = 8 + q. Let c(s) be the first derivative of -s**2/2 - s - 7. Give c(o).
-4
Let b(n) = -n + 4. Suppose -12 = -3*p, 4*p = -3*s - 23 + 3. Let k be s/32 + (-51)/(-8). Calculate b(k).
-2
Let z(u) be the first derivative of u**2 + 12*u + 23. Determine z(-11).
-10
Let v(q) = -2*q**2 - 1. Let z = 52 + -54. Give v(z).
-9
Let f(k) be the second derivative of 7/6*k**3 - 18*k + 0 + 7/12*k**4 + 2*k**2 + 1/20*k**5. Suppose 6 = s + 3*p, 0 = -5*s + p - 0*p - 34. Determine f(s).
-2
Let n(o) = o**2 - 11. Let k be (-6)/(-2) + -3 + 1. Suppose -9 = -4*r - k. Let x be r/(-1) + (-6)/(-3). Calculate n(x).
-11
Let j(z) = 11*z + 1. Let d = 581 - 582. Give j(d).
-10
Let s(r) = -12*r + 1 + 18*r - 5*r**2 - r**3 + 8. Suppose 0 = -2*i - 0*i - 8. Let c be i/4 + -8 - -3. Calculate s(c).
9
Suppose -281 + 25 = 32*x. Let d(v) = v**2 + 6*v + 3. Give d(x).
19
Let r(p) = -2*p**2 + 18*p + 6. Let q be r(9). Let a = 0 + -6. Let z = a + q. Let x(s) = -s**2 - s - 3. What is x(z)?
-3
Let r(q) = q**2 - 8*q - 10. Let f be r(9). Let p be f/2 - 2/(-4). Let t(l) = l + p + 15 - 29. Determine t(0).
-14
Suppose -48*u + 8 = -44*u. Let a(o) = 0